6.
-30
(1 + -82 - -25 - 20) + (-1 - 0 - -1)
-76
-65 + 53 + 12 + (-30 - 1)
-31
What is -4 + (-2 - 78) + 4 + (6 - 23)?
-97
What is the value of 17 + 4 + -16 - (9 + 12 + 11)?
-27
Evaluate 1 + 1 + (49 - 52) + (0 - (-7 - -156)).
-150
Calculate (10 - (-20 + 9 + 3)) + -9.
9
Evaluate (-64 - 13 - ((8 - 28) + 6)) + 4.
-59
Evaluate 13 + 9 + 12 + -76 + -11 - -1.
-52
What is the value of -11 - 148 - (-78 + -178)?
97
What is the value of 62 + -22 + (-698 - -541)?
-117
What is (69 - (-1 + 56 + -24)) + (1 - 0)?
39
(30 - (41 + -4)) + 35 - 85
-57
What is the value of -97 + -18 + 77 + 122?
84
Evaluate (-516 - -556) + (2 - 49).
-7
Evaluate -48 + 11 + 37 - 33.
-33
What is the value of (-3 - (8 + 8)) + 63 + -22?
22
What is the value of (0 + 0 - 1) + 34 - (915 + -909) - 1?
26
Evaluate 2 - 3 - -6 - (-31 + (-24 + 5 - -52)).
3
Evaluate (0 - (-143 + 7 + -9)) + (12 - (53 + -30)).
134
Calculate 36 + -131 - (29 + -150).
26
Calculate -38 + 24 - (-109 + 163).
-68
What is the value of (-2 - -1 - 3) + (-10 - (-15 - 41) - -15)?
57
Evaluate -6 + 5 + (-60 - -36).
-25
Evaluate 310 + -292 + -22 + 0 - 40.
-44
Evaluate -73 - ((-21 - (5 + 1 + -9)) + 11).
-66
(10 - 0 - 27 - -23) + -1
5
What is the value of -1 + 33 + (-27 - -4) + -84 + 103?
28
What is the value of (12 + 22 - 63) + -21?
-50
What is the value of -14 + (7 + 18 + -29 + -10 - -71)?
43
(-12 - (24 - -8)) + 43
-1
What is the value of (22 - -122 - 130) + (26 - 1)?
39
What is 2 - -3 - (6 + -5 - (-22 + 2))?
-16
8 + -5 - (42 + (19 - 18))
-40
-3 - (-1 + 3 - 1) - ((-55 - 0) + -4)
55
Evaluate (12 - (0 + (-9 - -2) + 0 + 116)) + 9.
-88
26 - -16 - 90 - -29
-19
15 + -10 + -110 - -59
-46
Evaluate 11 + (23 - 20) + -3.
11
What is the value of 3 + 4 + 14 + -7 + -4 + 3?
13
What is 80 + ((53 - 105) + 61 - ((0 - 1) + 19))?
71
(11 + 3 - 2) + (1 - -21) + -8 + 10
36
137 - (-19 - (-33 + -57 + 32))
98
What is the value of -26 + -7 - (232 - 245)?
-20
Evaluate (1 + 12 - (2 + 16 + -26)) + -69.
-48
What is the value of -34 - 0 - (11 + (2 - 14))?
-33
Calculate -57 + (3 - -1) - (35 - 50).
-38
(-77 - 0) + (247 - 82 - 209)
-121
-18 + (-19 - -102) + -43
22
What is 6 + -83 + 26 + (30 - 38)?
-59
11 - (26 + 20 + 5)
-40
Calculate (-86 + 63 - (-15 + -1)) + (108 - -8 - 2).
107
Calculate -67 - -71 - (9 - (5 + 2 + -2)).
0
21 + 1 + -1 + -32 + 23 + 24
36
What is the value of 31 + -36 + -3 + 6 + -9 + 51?
40
-2 + 4 + -6 + 764 + -775 + 6
-9
((-1 + 2 - -1) + 11 - (-33 + 37)) + -35
-26
What is the value of -6 - ((-11 - 2) + 9 + 2 + 3)?
-7
9 - (3 + 7) - 13 - (2 + -12) - 45
-49
Calculate -57 - (-13 + 2 + 2 - 21).
-27
Evaluate (-4 - (25 + -41) - 22) + 23.
13
What is 22 + -19 - (-81 - (-4 - 2))?
78
Calculate -26 + -6 + (-29 - -1) + -43.
-103
-1 - (-9 - 2 - (-302 - -308))
16
What is -10 - 8 - ((-146 - -1) + (299 - 280))?
108
Evaluate 10 - (-4 - -18 - (2 + 20) - -48).
-30
Calculate 3 - -34 - 31 - -17.
23
(-49 - -30 - -4) + (4 - 0)
-11
Evaluate 3 + 2 + (-8 - -21 - 16 - -18).
20
What is (-5 + 24 - 52 - 52) + (2 - 2)?
-85
Calculate 18 - 0 - (153 + -210 + 83).
-8
Calculate 9 + (-2 - (-3 + -6)) - (-6 - 59).
81
What is the value of (-4 - 24 - 18) + 24 - -16?
-6
What is the value of (-346 - -407 - (14 + 3)) + 8 + 0?
52
What is 6 - (-2 - 2) - (604 + -571)?
-23
Evaluate 25 + -30 + 4 + -26 - -2.
-25
Calculate 123 + (-3 - -1) - (209 + -188 - 19).
119
Evaluate 10 + -5 + (-5 - (6 + -14) - (-25 - -4)).
29
19 - 89 - (1 + (2 - (4 - -7)) + -3)
-59
What is 25 + -26 + -10 + (-8 - -14 - -3)?
-2
What is (-30 - (45 - 64)) + 6?
-5
What is 523 + -242 + -263 + (-2 - -81) + 0?
97
What is -25 - (-2 + -11 - ((-17 - -17) + -23))?
-35
What is the value of -83 + (18 - (-43 + 52))?
-74
Calculate (2639 - 2625) + -11 + -2.
1
Evaluate 9 - (-34 - (-2 - 19)).
22
5 + 0 + (-24 - -39) + (-21 - -47)
46
-94 + -37 + (-58 - -139)
-50
What is 2 - (9 - ((0 - 7) + 23)) - 6?
3
What is (2 - 15) + (-110 - -114) - (-3 - (6 + 1))?
1
Calculate 18 + -1 + (-102 - (-131 - -45)).
1
Evaluate -13 + (-23 - 45) + -2 + (-21 - (2 + -12)).
-94
Evaluate 4 - 3 - 34 - (-1 + 0 + (3068 - 3071)).
-29
-14 - (32 + 3 + -65)
16
What is -94 + 217 + (-58 - 34)?
31
What is 70 + 38 + 50 - 89?
69
What is 4 + (-34 - -49) + -30?
-11
What is the value of (-39 - -20) + 8 - 4?
-15
Calculate -7 - (-3 + (5 - 18)) - -3 - (38 - 48).
22
-2 + 0 - -34 - (282 + -207)
-43
What is -39 + 26 + (-5 - (7 + 6))?
-31
What is the value of -9 - (10 + (-23 - (-22 + 48)))?
30
What is 9 - (-48 + 56 + 10)?
-9
Evaluate 0 + (-10 - ((-21 - -8) + 4)) - -39.
38
-25 + (0 + -8 - (-57 + 76 + -21))
-31
Calculate 36 + -13 + -63 + 37 + -52.
-55
What is the value of -3 - -34 - (-96 + -4 + 67)?
64
What is the value of (-68 - (9 - 10)) + -6 - (88 + -92)?
-69
-1 + -10 - (-1196 - -1252)
-67
-6 + (-8 + -11 - (-58 - 7)) - 18
22
-66 + (18 + -6 - 6) + -212 + 226
-46
What is 11 + -11 - (-41 + 2 + -3 + (-56 - -55))?
43
Calculate (-6 - (18 + -11) - (15 + -1)) + (-2 - -9).
-20
What is (-4 - (8 - (4 + -5))) + -40 + 10?
-43
What is -4 - (31 - (107 + -113 + 1 + 5))?
-35
What is the value of 4 - -126 - (-524 + 576)?
78
Calculate (29 - (6 + -5 - -15)) + -89 + -11.
-87
Calculate 21 - (4 - (32 + -42)) - -93.
100
-19 + 0 + -24 + 19 + -14
-38
Calculate -2194 + 2238 - (1 + 118).
-75
-166 + 184 - (5 - (-68 + 7))
-48
49 + (-20 - 3) + -24 + 21 + 13
36
What is the value of -10 - (43 + -1 - 24 - (2 + 2))?
-24
Evaluate -512 + 484 + (0 - -56).
28
What is 56 - (-26 - (-2 - (2 + -2)))?
80
What is -37 + -11 + 7 + -3 + 4?
-40
What is the value of 88 - (-2 + 115 + -73)?
48
Evaluate 1 + (-3 + (1 - -2) + 101 - (27 + -35)).
110
1325 + -1196 - (206 - 4)
-73
What is (-48 + 29 - (0 - 15)) + (-2 - 1)?
-7
What is (32 + 1 - -2) + -1 + (-40 - -15) + 29?
38
What is 25 + (-15 - 30) - -19?
-1
What is -14 + (19 - (-10 + -17 + 55))?
-23
What is -6 + 53 + (-21 - 8)?
18
What is the value of 40 - ((-20 - -14) + 75)?
-29
Evaluate -36 + (63 - 43) - 26.
-42
What is -36 + -21 + -8 + 34 + -20?
-51
What is the value of -23 + (36 - -39) + -20?
32
What is the value of -9 + 14 + 46 + -21?
30
Evaluate 52 - (-18 - (0 + -7) - -11 - (0 + -6)).
46
(112 - (118 + 96)) + 125
23
Evaluate -43 - (-63 + 128 + -9).
-99
What is the value of 2 - 15 - (-123 - (109 - 195))?
24
(1 - -76) + -57 + (30 - -56) + -33
73
What is 3 - 2 - 22 - (-209 + 458 - 377)?
107
Calculate 7 - (-5 + 10) - (-3 - (3 - 14) - 9).
3
Evaluate 174 + -36 + -129 + -1 + (10 + -1 - 1).
16
What is (-44 + 224 - -32) + -85?
127
What is the value of (14 - 30 - -2) + (-2 + -6 - -96)?
74
What is (16 - 99) + -466 + 504?
-45
What is the value of -77 + (98 - -20 - 33)?
8
-30 - (26 - (5 + 19 + -27))
-59
Evaluate (-55 - -158) + -47 + -60.
-4
Evaluate -7 + 4 + (1 - 29) + (4429 - 4427).
-29
Calculate -16 + (31 - 9) - (4 + 5 - 13 - 9).
19
Evaluate (6 - 3) + (-8 - -2 - (-48 + 10 - 11)).
46
What is the value of (-83 - -163) + -80 + (6 - 20)?
-14
What is the value of 81 + -15 + -90 - 49?
-73
What is (55 - 13) + (-15 - -9) + (-10 - -5)?
31
(164 - 23) + -152 - (-2 + (16 - 1))
-24
Evaluate -4 - -1 - (27 - (116 - 76)).
10
Calculate -9 + (3 + 2 + 4 - (1 + 14)).
-15
What is the value of -94 - -353 - 139 - 55?
65
(5 - ((-6 - -4) + -4)) + (-149 - -124)
-14
What is the value of 28 + (-84 - -45 - -8) + (39 - 0)?
36
What is (-3315 - -3335) + -1 + 12?
31
Evaluate 74 + -59 - -78 - 53.
40
56 + (49 - 35 - 76)
-6
-140 - (-57 - 42) - 17
-58
Evaluate -51 + 38 + 135 - 43.
79
Calculate 41 + (58 - 53 - 46) + (-1 - -34).
33
What is -2003 - -2001 - (0 + (-86 - -1))?
83
(-45 - -3) + (49 - -3 - 26) + -16
-32
Calculate -8 - (-5 + -14) - ((15 + -4 - 13) + 96).
-83
What is -3 + (-61 + 28 - (-7 - -1))?
-30
1 - -11 - (-13 - (3 + -13) - 38)
53
Evaluate (2 - -131) + (2878 - 2936).
75
Evaluate (-5 + -18 + 31 - (-1 + 5)) + (-4 - 56).
-56
What is -6 - ((-11 - (-9 + -6 + 15)) + 41)?
-36
Evaluate -11 - -7 - (-91 + 81) - (1 + 0 - -65).
-60
Calculate (5943 - 5845) + -26 + -1.
71
What is 8 + (39 + -61 - -54)?
40
7 + (12 - -10 - (-13 - -47)) + (2 - -51)
48
What is the value of -50 - (68 - 103) - -35?
20
(-3 - -6 - 0 - (-957 + 971)) + -9
-20
Calculate -47 + (7 - 9 - -14) + 5 + -8.
-38
Calculate (38 - 2 - (-25 - 18 - -29)) + -12.
38
Calculate (-7 - 39) + (0 - -7) - (-47 + 10 - -27).
-29
Evaluate -3 - -99 - (1778 + -1705).
23
What is the value of 18 - (70 - -16) - (0 + 4 - (-33 + 31))?
-74
(10 - -10) + -14 - (1 + 3 + 0 + -14)
16
Calculate (-4 - -18) + 33 + -1